 to base 3.
-112101021201
677b5 (base 13) to base 8
557254
602778 (base 10) to base 14
119958
10000101010111000101011 (base 2) to base 9
8200414
Convert 33245235 (base 6) to base 7.
11341241
Convert -1512523 (base 6) to base 15.
-1ada9
Convert -1001111001110101010010 (base 2) to base 9.
-4786252
Convert 101021333 (base 4) to base 10.
70271
What is -1014032214 (base 5) in base 15?
-2b603e
-1ee85 (base 16) to base 5
-13022342
Convert -136470 (base 12) to base 11.
-1aaa7a
-267c6 (base 15) to base 5
-12421021
Convert -1304233020 (base 5) to base 3.
-20000101002202
Convert 465a69 (base 11) to base 7.
6201256
What is -1175408 (base 10) in base 16?
-11ef70
What is 1127120 (base 8) in base 4?
1022321100
What is 104156 (base 7) in base 2?
100011101011101
What is 20012232 (base 4) in base 5?
2030243
What is 44320 (base 7) in base 6?
123321
-10035262 (base 7) to base 12
-3419b7
-1001111000110111111100 (base 2) to base 12
-a50190
What is -43031104 (base 5) in base 13?
-c8664
What is -409b742 (base 13) in base 12?
-6688761
-462ca (base 14) to base 8
-515312
What is 10750020 (base 8) in base 15?
315634
What is 729255 (base 12) in base 10?
1799201
What is 57bdd (base 15) in base 12?
115861
What is -7425332 (base 9) in base 16?
-3ca0ca
What is -31505420 (base 6) in base 14?
-1a1964
Convert -63964 (base 10) to base 6.
-1212044
Convert -223755c (base 13) to base 11.
-5a20498
What is 704080 (base 11) in base 2?
100010100100011100001
6252061 (base 9) to base 3
20021202002001
-96565 (base 15) to base 2
-1110100011110100111
What is -3434206 (base 7) in base 5?
-102210404
-13034341 (base 5) to base 10
-127471
Convert 4134040 (base 5) to base 4.
100212310
553025 (base 6) to base 5
2433100
1615275 (base 8) to base 11
2988a0
What is -1101222302 (base 4) in base 12?
-141702
-33a8b (base 13) to base 12
-4653b
What is 383877 (base 11) in base 14?
11a858
-11001110001100110001 (base 2) to base 13
-237579
What is 73a07 (base 11) in base 8?
322261
What is -10021020121 (base 3) in base 4?
-33231022
What is -2421425 (base 6) in base 15?
-27b25
What is 2074c4 (base 13) in base 6?
24132545
Convert 420a3 (base 11) to base 6.
1151551
Convert 5ceb29 (base 15) to base 14.
83d32b
What is -229a57 (base 13) in base 8?
-3103773
What is 27659 (base 12) in base 9?
82676
Convert -30811 (base 11) to base 2.
-1010111101100111
Convert -32010313100 (base 4) to base 2.
-1110000100110111010000
What is -79922 (base 15) in base 5?
-44334212
Convert -86888 (base 15) to base 5.
-102132203
What is 31020402 (base 5) in base 10?
251352
2156674 (base 9) to base 6
40504451
Convert 271038 (base 9) to base 12.
7b445
-2332252 (base 6) to base 3
-20011001212
What is -133213323 (base 4) in base 3?
-20120200110
-17623602 (base 8) to base 16
-3f2782
What is 24533525 (base 6) in base 16?
c0e5d
Convert -104a63 (base 15) to base 16.
-bd432
11511012 (base 7) to base 3
1221020010100
What is 844653 (base 9) in base 6?
14432250
What is -440058 (base 10) in base 12?
-1927b6
Convert 3d81e5 (base 16) to base 4.
33120013211
Convert -3336525 (base 8) to base 13.
-256b05
Convert 10306510 (base 8) to base 11.
1272040
Convert -12790230 (base 10) to base 16.
-c329d6
What is 65c5e (base 16) in base 5?
101314422
-2526133 (base 7) to base 16
-4fa7a
1786549 (base 10) to base 3
10100202200111
3293a (base 15) to base 10
160705
11110000101001111 (base 2) to base 7
1022141
Convert -110020200 (base 4) to base 5.
-10114324
Convert 21303101231 (base 4) to base 13.
6bc615
What is 12220201011 (base 3) in base 10?
116428
-3546317 (base 11) to base 2
-10111100110011101110101
What is -13200010311 (base 4) in base 3?
-10200220101020
406652 (base 8) to base 16
20daa
Convert 17563e (base 15) to base 4.
10110120002
b1c81 (base 13) to base 7
2464401
What is 12932 (base 12) in base 6?
314102
Convert -1214141 (base 7) to base 5.
-14430424
What is -102539 (base 10) in base 13?
-37898
What is 12003231332 (base 4) in base 15?
21582e
400376 (base 8) to base 10
131326
Convert 289397 (base 10) to base 12.
11b585
Convert -a1321 (base 11) to base 13.
-52565
1211203 (base 9) to base 3
1020101020010
-23001110 (base 4) to base 14
-12644
What is 52588 (base 9) in base 7?
203210
Convert -31a402 (base 13) to base 15.
-180328
Convert -4207a6 (base 13) to base 15.
-207578
What is 42022341 (base 6) in base 10?
1216213
What is -1001111001011000011 (base 2) in base 11?
-201710
What is 41726b (base 14) in base 13?
5c4855
67903 (base 14) to base 7
2065103
Convert f1a4b (base 16) to base 11.
6166a2
-1133a65 (base 13) to base 7
-62661002
-125c9 (base 14) to base 2
-1011000000000101
What is -439315 (base 10) in base 3?
-211022121221
What is 26213363 (base 9) in base 16?
c48f42
Convert -1001101010001011011 (base 2) to base 6.
-10441151
What is 11110011010110011 (base 2) in base 7?
1026152
Convert 826a (base 12) to base 5.
423234
Convert -1b663 (base 13) to base 7.
-312630
Convert -f3692 (base 16) to base 8.
-3633222
What is -144105113 (base 6) in base 13?
-80b22a
-3048860 (base 10) to base 14
-59515a
What is 18ce21 (base 15) in base 11?
7556a3
What is 3432433 (base 6) in base 3?
22220211010
What is 51036143 (base 7) in base 3?
21222122122022
110111000010111000110110 (base 2) to base 12
49ba672
Convert 160565 (base 8) to base 16.
e175
What is -3a281 (base 11) in base 7?
-326553
What is 61567 (base 14) in base 15?
4965b
Convert 413424052 (base 6) to base 15.
96a4c5
Convert -1110020010 (base 3) to base 13.
-10029
Convert -947231 (base 10) to base 6.
-32145155
1124005101 (base 6) to base 9
25468471
Convert -3736041 (base 10) to base 11.
-2121a41
355442515 (base 6) to base 12
22b643b
Convert -1440121324 (base 5) to base 10.
-3832714
What is -10100011001100110000111 (base 2) in base 14?
-9d2c3d
4364126 (base 7) to base 6
15301252
-1a142d (base 15) to base 8
-4660267
-600561 (base 10) to base 13
-180480
-54256b (base 15) to base 5
-2011213401
What is -2300344242 (base 5) in base 8?
-23326414
What is -2320190 (base 13) in base 3?
-202100221222102
What is 96353 (base 11) in base 15?
2b801
What is -110121111021 (base 3) in base 7?
-2052445
Convert 409523 (base 10) to base 6.
12435535
Convert 40331122 (base 5) to base 16.
4f148
Convert -68dd1 (base 14) to base 11.
-1647a1
Convert 2a614 (base 12) to base 3.
10000210121
Convert 122212141 (base 6) to base 14.
452673
Convert 2102143 (base 6) to base 4.
120303033
2144504 (base 8) to base 10
575812
Convert -1133431 (base 5) to base 8.
-51174
What is 3cc125 (base 15) in base 10?
2926385
Convert -19410 (base 14) to base 4.
-33212212
Convert 21301223101 (base 4) to base 9.
4735411
-2d94de (base 15) to base 14
-416b1d
What is -1201221001 (base 3) in base 10?
-34210
What is -1443b71 (base 12) in base 10?
-4071109
Convert -2411341 (base 5) to base 11.
-30562
-bd36d (base 15) to base 4
-2102312320
What is -3224524 (base 8) in base 9?
-1554166
Convert -68 (base 11) to base 12.
-62
Convert -141110404 (base 5) to base 2.
-10110000011010101100
What is -361824 (base 10) in base 4?
-1120111200
What is -137a516 (base 11) in base 14?
-45a189
39492 (base 13) to base 6
2135523
11235118 (base 9) to base 4
110310000332
Convert -b9541 (base 15) to base 12.
-244644
Convert 523 (base 15) to base 8.
2206
What is -38a89 (base 14) in base 11?
-9570a
Convert -113403403 (base 5) to base 11.
-331169
What is 1c2ad (base 14) in base 15?
16479
100111000001010011 (base 2) to base 12
785ab
What is -29c93 (base 16) in base 6?
-3400215
115400105 (base 6) to base 2
1000011110111101101001
What is 531717 (base 8) in base 5?
21131403
Convert 134443c (base 15) to base 14.
1bb6563
-504900 (base 11) to base 14
-171b24
What is -12652146 (base 7) in base 10?
-1172457
Convert 1030030320 (base 4) to base 11.
1a3556
Convert 1086a4 (base 12) to base 5.
31414034
What is -122162 (base 7) in base 2?
-101011101110100
Convert 23234140 (base 5) to base 8.
635523
-1616657 (base 8) to base 14
-c1d4b
What is -220013203 (base 4) in base 2?
-101000000111100011
Convert -2566181 (base 9) to base 7.
-14626345
Convert 2632554 (base 9) to base 5.
332020041
-1936a84 (base 14) to base 11
-7070277
1050054 (base 6) to base 9
80837
Convert 14120031 (base 5) to base 13.
51011
-4ba1a6 (base 15) to base 4
-31311313122
Convert -1222056 (base 7) to base 3.
-21222002010
Convert 2630622 (base 7) to base 11.
215